{"id":251,"date":"2025-03-25T10:18:31","date_gmt":"2025-03-25T10:18:31","guid":{"rendered":"https:\/\/www.frehel.org\/sejourslinguistiques\/?page_id=251"},"modified":"2025-07-21T16:17:23","modified_gmt":"2025-07-21T16:17:23","slug":"referenties_references_canal-france","status":"publish","type":"page","link":"https:\/\/www.frehel.org\/sejourslinguistiques\/referenties_references_canal-france\/","title":{"rendered":""},"content":{"rendered":"\n<h3 class=\"wp-block-heading has-text-align-center\">Referenties_R\u00e9f\u00e9rences_Canal France [fr]<\/h3>\n\n\n\n<div data-wp-interactive=\"core\/file\" class=\"wp-block-file\"><object data-wp-bind--hidden=\"!state.hasPdfPreview\" hidden class=\"wp-block-file__embed\" data=\"https:\/\/www.frehel.org\/sejourslinguistiques\/wp-content\/uploads\/2025\/03\/References-FR-Canal-France_Maugendre-F-2.pdf\" type=\"application\/pdf\" style=\"width:100%;height:600px\" aria-label=\"Contenu embarqu\u00e9 R\u00e9f\u00e9rences (FR) Canal France_Maugendre F.\"><\/object><a id=\"wp-block-file--media-a3650482-eb8a-40be-ad27-e817e33b5631\" href=\"https:\/\/www.frehel.org\/sejourslinguistiques\/wp-content\/uploads\/2025\/03\/References-FR-Canal-France_Maugendre-F-2.pdf\">R\u00e9f\u00e9rences (FR) Canal France_Maugendre F<\/a><a href=\"https:\/\/www.frehel.org\/sejourslinguistiques\/wp-content\/uploads\/2025\/03\/References-FR-Canal-France_Maugendre-F-2.pdf\" class=\"wp-block-file__button wp-element-button\" download aria-describedby=\"wp-block-file--media-a3650482-eb8a-40be-ad27-e817e33b5631\">T\u00e9l\u00e9charger<\/a><\/div>\n","protected":false},"excerpt":{"rendered":"<p>Referenties_R\u00e9f\u00e9rences_Canal France [fr]<\/p>\n","protected":false},"author":2,"featured_media":0,"parent":0,"menu_order":0,"comment_status":"closed","ping_status":"closed","template":"","meta":{"footnotes":""},"class_list":["post-251","page","type-page","status-publish"],"yoast_head":"<!-- This site is optimized with the Yoast SEO plugin v25.8 - https:\/\/yoast.com\/wordpress\/plugins\/seo\/ -->\n<title>- Chez-Vlot Frans<\/title>\n<meta name=\"robots\" content=\"index, follow, max-snippet:-1, max-image-preview:large, max-video-preview:-1\" \/>\n<link rel=\"canonical\" href=\"https:\/\/www.frehel.org\/sejourslinguistiques\/referenties_references_canal-france\/\" \/>\n<meta property=\"og:locale\" content=\"fr_FR\" \/>\n<meta property=\"og:type\" content=\"article\" \/>\n<meta property=\"og:title\" content=\"- Chez-Vlot Frans\" \/>\n<meta property=\"og:description\" content=\"Referenties_R\u00e9f\u00e9rences_Canal France [fr]\" \/>\n<meta property=\"og:url\" content=\"https:\/\/www.frehel.org\/sejourslinguistiques\/referenties_references_canal-france\/\" \/>\n<meta property=\"og:site_name\" content=\"Chez-Vlot Frans\" \/>\n<meta property=\"article:modified_time\" content=\"2025-07-21T16:17:23+00:00\" \/>\n<meta name=\"twitter:card\" content=\"summary_large_image\" \/>\n<script type=\"application\/ld+json\" class=\"yoast-schema-graph\">{\"@context\":\"https:\/\/schema.org\",\"@graph\":[{\"@type\":\"WebPage\",\"@id\":\"https:\/\/www.frehel.org\/sejourslinguistiques\/referenties_references_canal-france\/\",\"url\":\"https:\/\/www.frehel.org\/sejourslinguistiques\/referenties_references_canal-france\/\",\"name\":\"- Chez-Vlot Frans\",\"isPartOf\":{\"@id\":\"https:\/\/www.frehel.org\/sejourslinguistiques\/#website\"},\"datePublished\":\"2025-03-25T10:18:31+00:00\",\"dateModified\":\"2025-07-21T16:17:23+00:00\",\"inLanguage\":\"fr-FR\",\"potentialAction\":[{\"@type\":\"ReadAction\",\"target\":[\"https:\/\/www.frehel.org\/sejourslinguistiques\/referenties_references_canal-france\/\"]}]},{\"@type\":\"WebSite\",\"@id\":\"https:\/\/www.frehel.org\/sejourslinguistiques\/#website\",\"url\":\"https:\/\/www.frehel.org\/sejourslinguistiques\/\",\"name\":\"Chez-Vlot Frans\",\"description\":\"S\u00e9jours linguistiques immersifs en Bretagne\",\"potentialAction\":[{\"@type\":\"SearchAction\",\"target\":{\"@type\":\"EntryPoint\",\"urlTemplate\":\"https:\/\/www.frehel.org\/sejourslinguistiques\/?s={search_term_string}\"},\"query-input\":{\"@type\":\"PropertyValueSpecification\",\"valueRequired\":true,\"valueName\":\"search_term_string\"}}],\"inLanguage\":\"fr-FR\"}]}<\/script>\n<!-- \/ Yoast SEO plugin. -->","yoast_head_json":{"title":"- Chez-Vlot Frans","robots":{"index":"index","follow":"follow","max-snippet":"max-snippet:-1","max-image-preview":"max-image-preview:large","max-video-preview":"max-video-preview:-1"},"canonical":"https:\/\/www.frehel.org\/sejourslinguistiques\/referenties_references_canal-france\/","og_locale":"fr_FR","og_type":"article","og_title":"- Chez-Vlot Frans","og_description":"Referenties_R\u00e9f\u00e9rences_Canal France [fr]","og_url":"https:\/\/www.frehel.org\/sejourslinguistiques\/referenties_references_canal-france\/","og_site_name":"Chez-Vlot Frans","article_modified_time":"2025-07-21T16:17:23+00:00","twitter_card":"summary_large_image","schema":{"@context":"https:\/\/schema.org","@graph":[{"@type":"WebPage","@id":"https:\/\/www.frehel.org\/sejourslinguistiques\/referenties_references_canal-france\/","url":"https:\/\/www.frehel.org\/sejourslinguistiques\/referenties_references_canal-france\/","name":"- Chez-Vlot Frans","isPartOf":{"@id":"https:\/\/www.frehel.org\/sejourslinguistiques\/#website"},"datePublished":"2025-03-25T10:18:31+00:00","dateModified":"2025-07-21T16:17:23+00:00","inLanguage":"fr-FR","potentialAction":[{"@type":"ReadAction","target":["https:\/\/www.frehel.org\/sejourslinguistiques\/referenties_references_canal-france\/"]}]},{"@type":"WebSite","@id":"https:\/\/www.frehel.org\/sejourslinguistiques\/#website","url":"https:\/\/www.frehel.org\/sejourslinguistiques\/","name":"Chez-Vlot Frans","description":"S\u00e9jours linguistiques immersifs en Bretagne","potentialAction":[{"@type":"SearchAction","target":{"@type":"EntryPoint","urlTemplate":"https:\/\/www.frehel.org\/sejourslinguistiques\/?s={search_term_string}"},"query-input":{"@type":"PropertyValueSpecification","valueRequired":true,"valueName":"search_term_string"}}],"inLanguage":"fr-FR"}]}},"_links":{"self":[{"href":"https:\/\/www.frehel.org\/sejourslinguistiques\/wp-json\/wp\/v2\/pages\/251","targetHints":{"allow":["GET"]}}],"collection":[{"href":"https:\/\/www.frehel.org\/sejourslinguistiques\/wp-json\/wp\/v2\/pages"}],"about":[{"href":"https:\/\/www.frehel.org\/sejourslinguistiques\/wp-json\/wp\/v2\/types\/page"}],"author":[{"embeddable":true,"href":"https:\/\/www.frehel.org\/sejourslinguistiques\/wp-json\/wp\/v2\/users\/2"}],"replies":[{"embeddable":true,"href":"https:\/\/www.frehel.org\/sejourslinguistiques\/wp-json\/wp\/v2\/comments?post=251"}],"version-history":[{"count":4,"href":"https:\/\/www.frehel.org\/sejourslinguistiques\/wp-json\/wp\/v2\/pages\/251\/revisions"}],"predecessor-version":[{"id":914,"href":"https:\/\/www.frehel.org\/sejourslinguistiques\/wp-json\/wp\/v2\/pages\/251\/revisions\/914"}],"wp:attachment":[{"href":"https:\/\/www.frehel.org\/sejourslinguistiques\/wp-json\/wp\/v2\/media?parent=251"}],"curies":[{"name":"wp","href":"https:\/\/api.w.org\/{rel}","templated":true}]}}

<h3 class="wp-block-heading has-text-align-center">Referenties_Références_Canal France [fr]</h3>



<div data-wp-interactive="core/file" class="wp-block-file"><object data-wp-bind--hidden="!state.hasPdfPreview" hidden class="wp-block-file__embed" data="https://www.frehel.org/sejourslinguistiques/wp-content/uploads/2025/03/References-FR-Canal-France_Maugendre-F-2.pdf" type="application/pdf" style="width:100%;height:600px" aria-label="Contenu embarqué Références (FR) Canal France_Maugendre F."></object><a id="wp-block-file--media-a3650482-eb8a-40be-ad27-e817e33b5631" href="https://www.frehel.org/sejourslinguistiques/wp-content/uploads/2025/03/References-FR-Canal-France_Maugendre-F-2.pdf">Références (FR) Canal France_Maugendre F</a><a href="https://www.frehel.org/sejourslinguistiques/wp-content/uploads/2025/03/References-FR-Canal-France_Maugendre-F-2.pdf" class="wp-block-file__button wp-element-button" download aria-describedby="wp-block-file--media-a3650482-eb8a-40be-ad27-e817e33b5631">Télécharger</a></div>

<p>Referenties_Références_Canal France [fr]</p>

<!-- This site is optimized with the Yoast SEO plugin v25.8 - https://yoast.com/wordpress/plugins/seo/ -->
<title>- Chez-Vlot Frans</title>
<meta name="robots" content="index, follow, max-snippet:-1, max-image-preview:large, max-video-preview:-1" />
<link rel="canonical" href="https://www.frehel.org/sejourslinguistiques/referenties_references_canal-france/" />
<meta property="og:locale" content="fr_FR" />
<meta property="og:type" content="article" />
<meta property="og:title" content="- Chez-Vlot Frans" />
<meta property="og:description" content="Referenties_Références_Canal France [fr]" />
<meta property="og:url" content="https://www.frehel.org/sejourslinguistiques/referenties_references_canal-france/" />
<meta property="og:site_name" content="Chez-Vlot Frans" />
<meta property="article:modified_time" content="2025-07-21T16:17:23+00:00" />
<meta name="twitter:card" content="summary_large_image" />
<script type="application/ld+json" class="yoast-schema-graph">{"@context":"https://schema.org","@graph":[{"@type":"WebPage","@id":"https://www.frehel.org/sejourslinguistiques/referenties_references_canal-france/","url":"https://www.frehel.org/sejourslinguistiques/referenties_references_canal-france/","name":"- Chez-Vlot Frans","isPartOf":{"@id":"https://www.frehel.org/sejourslinguistiques/#website"},"datePublished":"2025-03-25T10:18:31+00:00","dateModified":"2025-07-21T16:17:23+00:00","inLanguage":"fr-FR","potentialAction":[{"@type":"ReadAction","target":["https://www.frehel.org/sejourslinguistiques/referenties_references_canal-france/"]}]},{"@type":"WebSite","@id":"https://www.frehel.org/sejourslinguistiques/#website","url":"https://www.frehel.org/sejourslinguistiques/","name":"Chez-Vlot Frans","description":"Séjours linguistiques immersifs en Bretagne","potentialAction":[{"@type":"SearchAction","target":{"@type":"EntryPoint","urlTemplate":"https://www.frehel.org/sejourslinguistiques/?s={search_term_string}"},"query-input":{"@type":"PropertyValueSpecification","valueRequired":true,"valueName":"search_term_string"}}],"inLanguage":"fr-FR"}]}</script>
<!-- / Yoast SEO plugin. -->

Referenties_Références_Canal France [fr]

Séjours linguistiques immersifs en Bretagne
