{"id":839,"date":"2022-12-19T17:39:12","date_gmt":"2022-12-19T17:39:12","guid":{"rendered":"https:\/\/frehel.org\/?page_id=839"},"modified":"2022-12-27T21:22:34","modified_gmt":"2022-12-27T21:22:34","slug":"production-video","status":"publish","type":"page","link":"https:\/\/frehel.org\/residence\/production-video","title":{"rendered":"Production vid\u00e9o"},"content":{"rendered":"\n<div class=\"wp-block-columns is-layout-flex wp-container-core-columns-is-layout-2 wp-block-columns-is-layout-flex\">\n<div class=\"wp-block-column is-layout-flow wp-block-column-is-layout-flow\" style=\"flex-basis:25%\">\n\n\n\n\n<h1 class=\"wp-block-heading\">R\u00e9sidence<\/h1>\n\n\n\n<h2 class=\"wp-block-heading\">Infos pratiques<\/h2>\n\n\n\n<div style=\"height:50px\" aria-hidden=\"true\" class=\"wp-block-spacer\"><\/div>\n\n\n\n\n\n\n<div class=\"gb-button-wrapper gb-button-wrapper-812a72d5\">\n\n<a class=\"gb-button gb-button-fd23a051 gb-button-text\" href=\"https:\/\/frehel.org\/residence\/formulaire-residence\">Formulaire candidature<\/a>\n\n\n\n<a class=\"gb-button gb-button-7047ba53 gb-button-text\" href=\"https:\/\/frehel.org\/residence\/tarif-des-sejours-en-residence\">Tarifs de la r\u00e9sidence<\/a>\n\n\n\n<a class=\"gb-button gb-button-40135b68 gb-button-text\" href=\"https:\/\/frehel.org\/residence\/materiel-mis-a-disposition\">Mat\u00e9riel \u00e0 disposition<\/a>\n\n\n\n<a class=\"gb-button gb-button-9e3a982d gb-button-text\" href=\"https:\/\/frehel.org\/residence\/production-video\">Production Vid\u00e9o<\/a>\n\n<\/div><\/div>\n\n\n\n<div class=\"wp-block-column is-layout-flow wp-block-column-is-layout-flow\" style=\"flex-basis:75%\">\n<h1 class=\"wp-block-heading\">Production Vid\u00e9o<\/h1>\n\n\n\n<h2 class=\"wp-block-heading\"><span style=\"text-decoration: underline\" class=\"underline\">La Round-House vous propose la production de clips !<\/span><\/h2>\n\n\n\n<p>Confiez nous vos enregistrements vid\u00e9o\/son. La Round-House travaille en \u00e9troite collaboration avec les <strong>Studios Te\u00f1vel<\/strong> depuis sa cr\u00e9ation.<\/p>\n\n\n\n<p>Pour la production audio\/vid\u00e9o, nos tarifs varies de 1300\u20ac \u00e0 2000\u20ac en fonction du nombre de piste et de titres \u00e0 mixer (max 2 dans le cadre de clips vid\u00e9os)<\/p>\n\n\n\n<figure class=\"wp-block-image size-large is-resized\"><img loading=\"lazy\" decoding=\"async\" src=\"https:\/\/frehel.org\/wp-content\/uploads\/2022\/12\/IMG20221216194007-576x1024.jpg\" alt=\"\" class=\"wp-image-985\" width=\"288\" height=\"512\" srcset=\"https:\/\/frehel.org\/wp-content\/uploads\/2022\/12\/IMG20221216194007-576x1024.jpg 576w, https:\/\/frehel.org\/wp-content\/uploads\/2022\/12\/IMG20221216194007-169x300.jpg 169w, https:\/\/frehel.org\/wp-content\/uploads\/2022\/12\/IMG20221216194007-768x1365.jpg 768w, https:\/\/frehel.org\/wp-content\/uploads\/2022\/12\/IMG20221216194007-864x1536.jpg 864w, https:\/\/frehel.org\/wp-content\/uploads\/2022\/12\/IMG20221216194007-1152x2048.jpg 1152w, https:\/\/frehel.org\/wp-content\/uploads\/2022\/12\/IMG20221216194007.jpg 1200w\" sizes=\"auto, (max-width: 288px) 100vw, 288px\" \/><\/figure>\n\n\n\n<p>Nous pouvons r\u00e9pondre \u00e0 toutes autres demandes plus sp\u00e9cifiques comme des enregistrements d&rsquo;albums. Merci de nous faire une demande de tarif en passant par notre <a href=\"https:\/\/frehel.org\/residence\/formulaire-residence\" data-type=\"URL\" data-id=\"https:\/\/frehel.org\/residence\/formulaire-residence\">formulaire de contact<\/a> avec le maximum de pr\u00e9cisions. <\/p>\n\n\n\n<p><strong><mark>Cette production peut \u00eatre enti\u00e8rement financ\u00e9e par l&rsquo;organisation d&rsquo;un concert priv\u00e9. <\/mark><\/strong><\/p>\n\n\n\n<p>Nous pr\u00e9l\u00e8verons un droit d&rsquo;entr\u00e9e destin\u00e9 \u00e0 payer les \u00e9quipes de techniciens. Aucune d\u00e9penses pour vous, nous nous chargeons de tout ! <\/p>\n\n\n\n<p>Les b\u00e9n\u00e9fices suppl\u00e9mentaires hors frais d&rsquo;organisation <strong>(*)<\/strong> peuvent vous permettre de rembourser une partie de votre location mais surtout de mesurer l&rsquo;impact r\u00e9el de votre \u0153uvre en situation de live.<\/p>\n\n\n\n<p>La Round-House est un endroit id\u00e9al pour la production de clips vid\u00e9os, elle poss\u00e8de  une ambiance chaleureuse et des structures annexes garantissant le succ\u00e8s de la soir\u00e9e.<\/p>\n\n\n\n<div class=\"wp-block-columns is-layout-flex wp-container-core-columns-is-layout-1 wp-block-columns-is-layout-flex\">\n<div class=\"wp-block-column is-layout-flow wp-block-column-is-layout-flow\">\n<figure class=\"wp-block-image size-medium is-style-rounded\"><img loading=\"lazy\" decoding=\"async\" width=\"300\" height=\"225\" src=\"https:\/\/frehel.org\/wp-content\/uploads\/2022\/12\/prepa-concert-07-12-22-3-300x225.jpg\" alt=\"Concert salon\" class=\"wp-image-869\" title=\"Cioncert salon intimiste\" srcset=\"https:\/\/frehel.org\/wp-content\/uploads\/2022\/12\/prepa-concert-07-12-22-3-300x225.jpg 300w, https:\/\/frehel.org\/wp-content\/uploads\/2022\/12\/prepa-concert-07-12-22-3-1024x768.jpg 1024w, https:\/\/frehel.org\/wp-content\/uploads\/2022\/12\/prepa-concert-07-12-22-3-768x576.jpg 768w, https:\/\/frehel.org\/wp-content\/uploads\/2022\/12\/prepa-concert-07-12-22-3.jpg 1200w\" sizes=\"auto, (max-width: 300px) 100vw, 300px\" \/><\/figure>\n<\/div>\n\n\n\n<div class=\"wp-block-column is-layout-flow wp-block-column-is-layout-flow\">\n<figure class=\"wp-block-image size-medium is-style-rounded\"><img loading=\"lazy\" decoding=\"async\" width=\"300\" height=\"200\" src=\"https:\/\/frehel.org\/wp-content\/uploads\/2022\/12\/Louisett-71-300x200.jpg\" alt=\"\" class=\"wp-image-874\" srcset=\"https:\/\/frehel.org\/wp-content\/uploads\/2022\/12\/Louisett-71-300x200.jpg 300w, https:\/\/frehel.org\/wp-content\/uploads\/2022\/12\/Louisett-71-1024x683.jpg 1024w, https:\/\/frehel.org\/wp-content\/uploads\/2022\/12\/Louisett-71-768x512.jpg 768w, https:\/\/frehel.org\/wp-content\/uploads\/2022\/12\/Louisett-71.jpg 1200w\" sizes=\"auto, (max-width: 300px) 100vw, 300px\" \/><\/figure>\n<\/div>\n<\/div>\n\n\n\n<p>Les d\u00e9cors sont multiples. Nous adaptons le plateau pour votre \u00e9v\u00e8nement, ambiance salon ou espace sc\u00e9nique classique, en fonction de vos go\u00fbts et de l&rsquo;ambiance que d\u00e9gage votre musique.<\/p>\n\n\n\n<p>Les <a rel=\"noreferrer noopener\" href=\"https:\/\/frehel.org\/residence\/videos\" data-type=\"URL\" data-id=\"https:\/\/frehel.org\/residence\/videos\" target=\"_blank\">vid\u00e9os<\/a> disponibles sur notre site ont \u00e9t\u00e9 r\u00e9alis\u00e9es dans ces conditions pr\u00e9cises.<\/p>\n\n\n\n<p><em>(*) frais de billetterie, badges spectateurs, d\u00e9penses marketing,<\/em> charges inh\u00e9rentes au fonctionnement de la r\u00e9sidence.<\/p>\n<\/div>\n<\/div>\n\n\n\n<p><\/p>\n\n\n\n<p><\/p>\n","protected":false},"excerpt":{"rendered":"<p>R\u00e9sidence Infos pratiques Production Vid\u00e9o La Round-House vous propose la production de clips ! Confiez nous vos enregistrements vid\u00e9o\/son. La Round-House travaille en \u00e9troite collaboration avec les Studios Te\u00f1vel depuis sa cr\u00e9ation. Pour la production audio\/vid\u00e9o, nos tarifs varies de 1300\u20ac \u00e0 2000\u20ac en fonction du nombre de piste et de titres \u00e0 mixer (max &#8230; <a title=\"Production vid\u00e9o\" class=\"read-more\" href=\"https:\/\/frehel.org\/residence\/production-video\" aria-label=\"En savoir plus sur Production vid\u00e9o\">Lire la suite<\/a><\/p>\n","protected":false},"author":1,"featured_media":0,"parent":4,"menu_order":0,"comment_status":"closed","ping_status":"closed","template":"","meta":{"footnotes":""},"class_list":["post-839","page","type-page","status-publish"],"_links":{"self":[{"href":"https:\/\/frehel.org\/wp-json\/wp\/v2\/pages\/839","targetHints":{"allow":["GET"]}}],"collection":[{"href":"https:\/\/frehel.org\/wp-json\/wp\/v2\/pages"}],"about":[{"href":"https:\/\/frehel.org\/wp-json\/wp\/v2\/types\/page"}],"author":[{"embeddable":true,"href":"https:\/\/frehel.org\/wp-json\/wp\/v2\/users\/1"}],"replies":[{"embeddable":true,"href":"https:\/\/frehel.org\/wp-json\/wp\/v2\/comments?post=839"}],"version-history":[{"count":22,"href":"https:\/\/frehel.org\/wp-json\/wp\/v2\/pages\/839\/revisions"}],"predecessor-version":[{"id":986,"href":"https:\/\/frehel.org\/wp-json\/wp\/v2\/pages\/839\/revisions\/986"}],"up":[{"embeddable":true,"href":"https:\/\/frehel.org\/wp-json\/wp\/v2\/pages\/4"}],"wp:attachment":[{"href":"https:\/\/frehel.org\/wp-json\/wp\/v2\/media?parent=839"}],"curies":[{"name":"wp","href":"https:\/\/api.w.org\/{rel}","templated":true}]}}

Production vidéo

<div class="wp-block-columns is-layout-flex wp-container-core-columns-is-layout-2 wp-block-columns-is-layout-flex">
<div class="wp-block-column is-layout-flow wp-block-column-is-layout-flow" style="flex-basis:25%">




<h1 class="wp-block-heading">Résidence</h1>



<h2 class="wp-block-heading">Infos pratiques</h2>



<div style="height:50px" aria-hidden="true" class="wp-block-spacer"></div>






<div class="gb-button-wrapper gb-button-wrapper-812a72d5">

<a class="gb-button gb-button-fd23a051 gb-button-text" href="https://frehel.org/residence/formulaire-residence">Formulaire candidature</a>



<a class="gb-button gb-button-7047ba53 gb-button-text" href="https://frehel.org/residence/tarif-des-sejours-en-residence">Tarifs de la résidence</a>



<a class="gb-button gb-button-40135b68 gb-button-text" href="https://frehel.org/residence/materiel-mis-a-disposition">Matériel à disposition</a>



<a class="gb-button gb-button-9e3a982d gb-button-text" href="https://frehel.org/residence/production-video">Production Vidéo</a>

</div></div>



<div class="wp-block-column is-layout-flow wp-block-column-is-layout-flow" style="flex-basis:75%">
<h1 class="wp-block-heading">Production Vidéo</h1>



<h2 class="wp-block-heading"><span style="text-decoration: underline" class="underline">La Round-House vous propose la production de clips !</span></h2>



<p>Confiez nous vos enregistrements vidéo/son. La Round-House travaille en étroite collaboration avec les <strong>Studios Teñvel</strong> depuis sa création.</p>



<p>Pour la production audio/vidéo, nos tarifs varies de 1300€ à 2000€ en fonction du nombre de piste et de titres à mixer (max 2 dans le cadre de clips vidéos)</p>



<figure class="wp-block-image size-large is-resized"><img loading="lazy" decoding="async" src="https://frehel.org/wp-content/uploads/2022/12/IMG20221216194007-576x1024.jpg" alt="" class="wp-image-985" width="288" height="512" srcset="https://frehel.org/wp-content/uploads/2022/12/IMG20221216194007-576x1024.jpg 576w, https://frehel.org/wp-content/uploads/2022/12/IMG20221216194007-169x300.jpg 169w, https://frehel.org/wp-content/uploads/2022/12/IMG20221216194007-768x1365.jpg 768w, https://frehel.org/wp-content/uploads/2022/12/IMG20221216194007-864x1536.jpg 864w, https://frehel.org/wp-content/uploads/2022/12/IMG20221216194007-1152x2048.jpg 1152w, https://frehel.org/wp-content/uploads/2022/12/IMG20221216194007.jpg 1200w" sizes="auto, (max-width: 288px) 100vw, 288px" /></figure>



<p>Nous pouvons répondre à toutes autres demandes plus spécifiques comme des enregistrements d&rsquo;albums. Merci de nous faire une demande de tarif en passant par notre <a href="https://frehel.org/residence/formulaire-residence" data-type="URL" data-id="https://frehel.org/residence/formulaire-residence">formulaire de contact</a> avec le maximum de précisions. </p>



<p><strong><mark>Cette production peut être entièrement financée par l&rsquo;organisation d&rsquo;un concert privé. </mark></strong></p>



<p>Nous prélèverons un droit d&rsquo;entrée destiné à payer les équipes de techniciens. Aucune dépenses pour vous, nous nous chargeons de tout ! </p>



<p>Les bénéfices supplémentaires hors frais d&rsquo;organisation <strong>(*)</strong> peuvent vous permettre de rembourser une partie de votre location mais surtout de mesurer l&rsquo;impact réel de votre œuvre en situation de live.</p>



<p>La Round-House est un endroit idéal pour la production de clips vidéos, elle possède  une ambiance chaleureuse et des structures annexes garantissant le succès de la soirée.</p>



<div class="wp-block-columns is-layout-flex wp-container-core-columns-is-layout-1 wp-block-columns-is-layout-flex">
<div class="wp-block-column is-layout-flow wp-block-column-is-layout-flow">
<figure class="wp-block-image size-medium is-style-rounded"><img loading="lazy" decoding="async" width="300" height="225" src="https://frehel.org/wp-content/uploads/2022/12/prepa-concert-07-12-22-3-300x225.jpg" alt="Concert salon" class="wp-image-869" title="Cioncert salon intimiste" srcset="https://frehel.org/wp-content/uploads/2022/12/prepa-concert-07-12-22-3-300x225.jpg 300w, https://frehel.org/wp-content/uploads/2022/12/prepa-concert-07-12-22-3-1024x768.jpg 1024w, https://frehel.org/wp-content/uploads/2022/12/prepa-concert-07-12-22-3-768x576.jpg 768w, https://frehel.org/wp-content/uploads/2022/12/prepa-concert-07-12-22-3.jpg 1200w" sizes="auto, (max-width: 300px) 100vw, 300px" /></figure>
</div>



<div class="wp-block-column is-layout-flow wp-block-column-is-layout-flow">
<figure class="wp-block-image size-medium is-style-rounded"><img loading="lazy" decoding="async" width="300" height="200" src="https://frehel.org/wp-content/uploads/2022/12/Louisett-71-300x200.jpg" alt="" class="wp-image-874" srcset="https://frehel.org/wp-content/uploads/2022/12/Louisett-71-300x200.jpg 300w, https://frehel.org/wp-content/uploads/2022/12/Louisett-71-1024x683.jpg 1024w, https://frehel.org/wp-content/uploads/2022/12/Louisett-71-768x512.jpg 768w, https://frehel.org/wp-content/uploads/2022/12/Louisett-71.jpg 1200w" sizes="auto, (max-width: 300px) 100vw, 300px" /></figure>
</div>
</div>



<p>Les décors sont multiples. Nous adaptons le plateau pour votre évènement, ambiance salon ou espace scénique classique, en fonction de vos goûts et de l&rsquo;ambiance que dégage votre musique.</p>



<p>Les <a rel="noreferrer noopener" href="https://frehel.org/residence/videos" data-type="URL" data-id="https://frehel.org/residence/videos" target="_blank">vidéos</a> disponibles sur notre site ont été réalisées dans ces conditions précises.</p>



<p><em>(*) frais de billetterie, badges spectateurs, dépenses marketing,</em> charges inhérentes au fonctionnement de la résidence.</p>
</div>
</div>



<p></p>



<p></p>

<p>Résidence Infos pratiques Production Vidéo La Round-House vous propose la production de clips ! Confiez nous vos enregistrements vidéo/son. La Round-House travaille en étroite collaboration avec les Studios Teñvel depuis sa création. Pour la production audio/vidéo, nos tarifs varies de 1300€ à 2000€ en fonction du nombre de piste et de titres à mixer (max &#8230; <a title="Production vidéo" class="read-more" href="https://frehel.org/residence/production-video" aria-label="En savoir plus sur Production vidéo">Lire la suite</a></p>
