{"id":4,"date":"2022-04-06T16:49:49","date_gmt":"2022-04-06T16:49:49","guid":{"rendered":"https:\/\/frehel.org\/bienvenue-sur-https-frehel-org"},"modified":"2023-01-05T12:17:24","modified_gmt":"2023-01-05T12:17:24","slug":"residence","status":"publish","type":"page","link":"https:\/\/frehel.org\/residence","title":{"rendered":"Accueil R\u00e9sidence"},"content":{"rendered":"\n<h1 class=\"wp-block-heading\"><small>R\u00c9SIDENCE pour<\/small> <strong>ARTISTES<\/strong><\/h1>\n\n\n\n<h2 class=\"wp-block-heading\">&nbsp;CAP FR\u00c9HEL &#8211; BRETAGNE<\/h2>\n\n\n\n<div class=\"wp-block-buttons is-content-justification-right is-layout-flex wp-container-core-buttons-is-layout-1 wp-block-buttons-is-layout-flex\">\n<div class=\"wp-block-button\"><a class=\"wp-block-button__link wp-element-button\" href=\"https:\/\/frehel.org\/residence\/la-roundhouse\">Le lieu<\/a><\/div>\n\n\n\n<div class=\"wp-block-button\"><a class=\"wp-block-button__link wp-element-button\" href=\"https:\/\/frehel.org\/residence\/photos\">Photos<\/a><\/div>\n\n\n\n<div class=\"wp-block-button\"><a class=\"wp-block-button__link wp-element-button\" href=\"https:\/\/frehel.org\/residence\/videos\">Vid\u00e9os<\/a><\/div>\n\n\n\n<div class=\"wp-block-button\"><a class=\"wp-block-button__link wp-element-button\" href=\"https:\/\/frehel.org\/residence\/formulaire-residence\">Infos r\u00e9sidence<\/a><\/div>\n<\/div>\n\n\n\n<div style=\"height:40px\" aria-hidden=\"true\" class=\"wp-block-spacer\"><\/div>\n\n\n\n<h3 class=\"wp-block-heading\"><strong>&gt;&nbsp;<\/strong>Le lieu<\/h3>\n\n\n\n<p>La <strong>Roundhouse<\/strong> est une maison autoconstruite install\u00e9e le site naturel class\u00e9 du Cap Fr\u00e9hel.<\/p>\n\n\n\n<p>Un habitat \u00e9cologique atypique, un endroit calme o\u00f9 travailler, cr\u00e9er, composer, enregistrer &#8230; <\/p>\n\n\n\n<div style=\"height:40px\" aria-hidden=\"true\" class=\"wp-block-spacer\"><\/div>\n\n\n\n<h3 class=\"wp-block-heading\"><strong>&gt;&nbsp;<\/strong>R\u00e9sider \u00e0 la Roundhouse<\/h3>\n\n\n\n<p>L&rsquo;espace est privatisable pour une dur\u00e9e de 1 \u00e0 7 jours en tant que r\u00e9sidence d&rsquo;artistes. Merci de nous adresser votre demande en utilisant le <a href=\"https:\/\/frehel.org\/residence\/formulaire-residence\" data-type=\"page\" data-id=\"49\">formulaire d\u00e9di\u00e9<\/a>.<\/p>\n\n\n\n<div style=\"height:100px\" aria-hidden=\"true\" class=\"wp-block-spacer\"><\/div>\n\n\n\n<div class=\"wp-block-buttons is-layout-flex wp-block-buttons-is-layout-flex\"><\/div>\n","protected":false},"excerpt":{"rendered":"<p>R\u00c9SIDENCE pour ARTISTES &nbsp;CAP FR\u00c9HEL &#8211; BRETAGNE &gt;&nbsp;Le lieu La Roundhouse est une maison autoconstruite install\u00e9e le site naturel class\u00e9 du Cap Fr\u00e9hel. Un habitat \u00e9cologique atypique, un endroit calme o\u00f9 travailler, cr\u00e9er, composer, enregistrer &#8230; &gt;&nbsp;R\u00e9sider \u00e0 la Roundhouse L&rsquo;espace est privatisable pour une dur\u00e9e de 1 \u00e0 7 jours en tant que r\u00e9sidence &#8230; <a title=\"Accueil R\u00e9sidence\" class=\"read-more\" href=\"https:\/\/frehel.org\/residence\" aria-label=\"En savoir plus sur Accueil R\u00e9sidence\">Lire la suite<\/a><\/p>\n","protected":false},"author":1,"featured_media":0,"parent":0,"menu_order":0,"comment_status":"closed","ping_status":"closed","template":"","meta":{"footnotes":""},"class_list":["post-4","page","type-page","status-publish"],"_links":{"self":[{"href":"https:\/\/frehel.org\/wp-json\/wp\/v2\/pages\/4","targetHints":{"allow":["GET"]}}],"collection":[{"href":"https:\/\/frehel.org\/wp-json\/wp\/v2\/pages"}],"about":[{"href":"https:\/\/frehel.org\/wp-json\/wp\/v2\/types\/page"}],"author":[{"embeddable":true,"href":"https:\/\/frehel.org\/wp-json\/wp\/v2\/users\/1"}],"replies":[{"embeddable":true,"href":"https:\/\/frehel.org\/wp-json\/wp\/v2\/comments?post=4"}],"version-history":[{"count":45,"href":"https:\/\/frehel.org\/wp-json\/wp\/v2\/pages\/4\/revisions"}],"predecessor-version":[{"id":943,"href":"https:\/\/frehel.org\/wp-json\/wp\/v2\/pages\/4\/revisions\/943"}],"wp:attachment":[{"href":"https:\/\/frehel.org\/wp-json\/wp\/v2\/media?parent=4"}],"curies":[{"name":"wp","href":"https:\/\/api.w.org\/{rel}","templated":true}]}}

Accueil Résidence

<h1 class="wp-block-heading"><small>RÉSIDENCE pour</small> <strong>ARTISTES</strong></h1>



<h2 class="wp-block-heading">&nbsp;CAP FRÉHEL &#8211; BRETAGNE</h2>



<div class="wp-block-buttons is-content-justification-right is-layout-flex wp-container-core-buttons-is-layout-1 wp-block-buttons-is-layout-flex">
<div class="wp-block-button"><a class="wp-block-button__link wp-element-button" href="https://frehel.org/residence/la-roundhouse">Le lieu</a></div>



<div class="wp-block-button"><a class="wp-block-button__link wp-element-button" href="https://frehel.org/residence/photos">Photos</a></div>



<div class="wp-block-button"><a class="wp-block-button__link wp-element-button" href="https://frehel.org/residence/videos">Vidéos</a></div>



<div class="wp-block-button"><a class="wp-block-button__link wp-element-button" href="https://frehel.org/residence/formulaire-residence">Infos résidence</a></div>
</div>



<div style="height:40px" aria-hidden="true" class="wp-block-spacer"></div>



<h3 class="wp-block-heading"><strong>&gt;&nbsp;</strong>Le lieu</h3>



<p>La <strong>Roundhouse</strong> est une maison autoconstruite installée le site naturel classé du Cap Fréhel.</p>



<p>Un habitat écologique atypique, un endroit calme où travailler, créer, composer, enregistrer &#8230; </p>



<div style="height:40px" aria-hidden="true" class="wp-block-spacer"></div>



<h3 class="wp-block-heading"><strong>&gt;&nbsp;</strong>Résider à la Roundhouse</h3>



<p>L&rsquo;espace est privatisable pour une durée de 1 à 7 jours en tant que résidence d&rsquo;artistes. Merci de nous adresser votre demande en utilisant le <a href="https://frehel.org/residence/formulaire-residence" data-type="page" data-id="49">formulaire dédié</a>.</p>



<div style="height:100px" aria-hidden="true" class="wp-block-spacer"></div>



<div class="wp-block-buttons is-layout-flex wp-block-buttons-is-layout-flex"></div>

<p>RÉSIDENCE pour ARTISTES &nbsp;CAP FRÉHEL &#8211; BRETAGNE &gt;&nbsp;Le lieu La Roundhouse est une maison autoconstruite installée le site naturel classé du Cap Fréhel. Un habitat écologique atypique, un endroit calme où travailler, créer, composer, enregistrer &#8230; &gt;&nbsp;Résider à la Roundhouse L&rsquo;espace est privatisable pour une durée de 1 à 7 jours en tant que résidence &#8230; <a title="Accueil Résidence" class="read-more" href="https://frehel.org/residence" aria-label="En savoir plus sur Accueil Résidence">Lire la suite</a></p>
